= b - 464. Suppose -z*y + 296 = -t. What is the units digit of y?
9
Let s(v) = 34*v + 33. Suppose 0 = -2*j - j + 4*r + 1, 0 = j - 2*r + 1. Suppose 1 = c - j. What is the units digit of s(c)?
9
Let f = 11542 + -411. What is the units digit of f?
1
Let i(q) = 1094*q - 32. Let p be i(5). Suppose 11*r + 1016 = p. What is the hundreds digit of r?
4
Suppose 0 = o - 45 + 6. Suppose -o*g = -7587 - 603. What is the tens digit of g?
1
Suppose -4*b = 12, -2*z = -3*b + 8*b - 31109. What is the hundreds digit of z?
5
What is the thousands digit of (30 - 2)*(3 - (-618 + -10))?
7
Let w(v) = -v**3 + 15*v**2 + 3*v - 43. Let u be w(15). Let x(a) = 467*a + 3. What is the units digit of x(u)?
7
Let n = 6204 + -3653. Suppose -6*f - n = -7525. What is the tens digit of f?
2
Suppose -1512311 = -38*p - 179993. What is the ten thousands digit of p?
3
Let z(n) = -5*n**2 - 512*n + 107. What is the units digit of z(-83)?
8
Suppose -18*t - 23*t = -6642. What is the tens digit of t?
6
Let m(t) = t**3 + 4*t**2 + t + 1. Let n be m(-6). Let x be 14/n - 11280/33. What is the units digit of x*(0 + 1/(-2))?
1
Let t(r) = 185*r + 1863. What is the thousands digit of t(22)?
5
Let p = 34557 + -11925. What is the tens digit of p?
3
Suppose -4*d - 6 = -4*s - s, 0 = 4*s - 3*d - 5. Let m be (2 + -1)/(s/52). What is the units digit of 96 + (-16)/(-40) + m/10?
9
What is the hundreds digit of ((-758)/(-2))/(15 + (-3444)/231) - -7?
1
Let k = 21454 - 13113. What is the units digit of k?
1
Let s = 1542 + -372. Let x(f) = 116*f**2 - 4*f - 3. Let q be x(-2). Suppose -3*o = -d + 3*d - q, -5*o + s = 5*d. What is the hundreds digit of d?
2
Let u(c) = 35*c + 5*c - 16*c**2 + 6 + 32 + 11 + c**3. What is the tens digit of u(18)?
1
Let g(j) = j**3 - 4*j - 2. Let h be (-56)/(-6) - 24/(-36). Let k be (16/h)/((-4)/(-10)). What is the units digit of g(k)?
6
Let b(s) = -6*s - 134. Let p be b(-23). Suppose 0 = -p*l + 2*t + 546, 288 = 2*l + 5*t - 3*t. What is the hundreds digit of l?
1
What is the ten thousands digit of 14194 - ((-2)/(-4)*30 + -26 + 18)?
1
Let f = 57387 + -22377. What is the thousands digit of f?
5
What is the units digit of (-399)/(-49) + 0 + -7 + (-287209)/(-7)?
1
Let z = 895 + 12088. What is the ten thousands digit of z?
1
Suppose 4*v + 3*d = 8*d + 5, 3*v + 5*d + 5 = 0. Suppose 3*k - 10*k + 2443 = v. What is the tens digit of k?
4
Let b(j) = -j**2 + 5*j - 2. Let s = 3 + 0. Let t be b(s). Suppose 0 = 3*u + t*w - 270, 3*u - 7*u - 2*w = -350. What is the tens digit of u?
8
What is the units digit of 55691*4*(-15)/(-36)*(-54)/(-90)?
1
Suppose -147 = -4*p + 5*k, 0*k - 157 = -4*p + 3*k. Suppose -6*o + 4*i = -11*o + 104, 3*i - p = -2*o. What is the tens digit of o?
2
Suppose 0 = 15*j - 952 - 338. Suppose 204 = 2*q - j. What is the hundreds digit of q?
1
Let q(r) = -3*r**2 - r - r**3 + 0*r**3 - 2*r + 2. Let l be ((-1)/(-5) + 1)/((-15)/50). What is the tens digit of q(l)?
3
Suppose 0 = -3*g + p + 94, 0*g = 4*g + 2*p - 132. Suppose -705 = -5*d + 5*x, 5*d + 3*x - 687 = 26. Let o = d - g. What is the units digit of o?
0
Let d = 16336 - 824. What is the tens digit of d?
1
Let i(s) = -s**2 + s - 3*s**3 - 93 + 0*s**2 + 99 + 4*s**3. What is the units digit of i(6)?
2
Suppose -d = -9 + 7. Suppose u = s + 55, 2*s - 86 = -d*u - 2*s. Suppose -4*v - 3 + u = 0. What is the units digit of v?
2
Let o(d) = 25*d**2 + 25. Let k(l) = 3*l**2 - 51*l - 5. Let s be k(17). What is the hundreds digit of o(s)?
6
Let a(r) = 31*r - 51. Suppose -4*h - 17 = -w, -5*h + 4*h = 4*w - 17. What is the tens digit of a(w)?
0
Suppose 1191*m = 1186*m - 3*r + 16957, 2*m - 6762 = 4*r. What is the tens digit of m?
8
Let u(x) = -11*x**3 + 23*x**2 + 28*x + 9. Let w(f) = 7*f**3 - 15*f**2 - 19*f - 6. Let m(s) = -5*u(s) - 8*w(s). What is the units digit of m(-3)?
9
Let m(p) = -5*p**3 - 6*p**2 - 49*p + 230. What is the thousands digit of m(-17)?
3
Let a = 645 - 641. What is the thousands digit of (-4 - -2) + (1716 + 3 - a)?
1
Suppose 0 = -0*d + 12*d - 864. Suppose -3*x - x + d = 0. What is the tens digit of 10/45 - (1 + (-1580)/x)?
8
Let t(f) = -3*f**3 - 8*f**2 - 5*f + 40. Let y be t(-18). Suppose -13540 - y = -26*w. What is the thousands digit of w?
1
Suppose 0 = -2*q + 3*k + 5913, 2585 + 3336 = 2*q + 5*k. What is the hundreds digit of q?
9
Suppose -3*k + 3 = 0, -3*k + 0*k = 5*n + 42. Let z(x) = -2*x - 16. Let d be z(n). Suppose -d*v + 16 = -6*v, -5*v = -4*s + 392. What is the tens digit of s?
9
Let p be (-6)/(-4) - 0 - (-1310)/20. Let o = p - 63. Suppose o*u - 275 = 177. What is the units digit of u?
3
Let a(n) = n**3 + 24*n**2 - n - 21. Let d be a(-24). Let p(y) = 2*y + 6 + 10*y - 3*y - d*y. What is the tens digit of p(8)?
5
Let k be ((-24)/(-20))/((-2)/(-5)). Suppose 6*h - 264 = -k*o + 2*h, 0 = -o - h + 88. Let r = -50 + o. What is the tens digit of r?
3
Let z(r) = r**3 + 3*r**2 - 13*r - 9. Let y be z(-5). Let s be (y/(-18))/(42/45 + -1). Suppose 4*u - 37 + s = -l, -4*l = -5*u - 86. What is the units digit of l?
4
Let w(s) = 32*s**3 + 9*s**2 - 18*s + 23. What is the hundreds digit of w(5)?
1
Let m be (6 - -10) + -10 + 4/(-2). Let o(z) = 176*z - 282. What is the hundreds digit of o(m)?
4
Let q = -278 - -296. What is the units digit of 119 - ((-9)/54 - (-57)/q)?
6
Suppose 4*z - 9177 = -4*c + 17507, z = -3. What is the hundreds digit of c?
6
Suppose -26*z + 123409 = -400491. What is the ten thousands digit of z?
2
Let m be (3 - (-771 - -7)) + -5. Suppose 0 = 12*j + m - 2946. What is the hundreds digit of j?
1
Suppose -117*s + 3501868 + 2061652 = -53*s. What is the tens digit of s?
3
Let x(j) = -3*j**3 + 9*j**2 + 29*j - 46. Let g(a) = 8*a**3 - 17*a**2 - 60*a + 91. Let d(z) = -2*g(z) - 5*x(z). What is the hundreds digit of d(-14)?
9
Suppose 3 - 13 = -2*c. Suppose 2*u - c*l - 7 = 4*u, -5*u - 100 = -4*l. What is the units digit of ((-18)/(-4))/((-12)/u)?
6
Suppose 2*w = a - 25, -4*w = 2*a + 1 + 37. Let f(g) = 7*g + 3. Let r(b) = -27*b + 24. Let c(p) = -5*f(p) - r(p). What is the tens digit of c(w)?
4
Suppose -19*w - 220644 - 141676 = -35*w. What is the ten thousands digit of w?
2
Suppose 2*w - 10 = 2*j - 5*j, w + 5*j + 2 = 0. Let n(t) = 27*t**2 + 8 - 21*t**2 + 91*t - 74*t - t**3. What is the units digit of n(w)?
6
Suppose 0 = -56*x + 54*x + 1162. Let r = x - 206. What is the hundreds digit of r?
3
Suppose -46480 = -3*o + a - 3353, -71882 = -5*o - 2*a. What is the hundreds digit of o?
3
Let q(r) = 0 + 164*r**2 + r**3 + 36*r - 185*r**2 + 23*r + 0. What is the tens digit of q(19)?
9
Let k(a) = -a**2 + 3. Let p be k(-4). Let f(d) = -2*d - 23. Let s be f(p). Suppose 5*h - s*y = 756, 2*y + 604 = 2*h + 2*h. What is the units digit of h?
0
What is the thousands digit of (-3 + 0 - -4) + 36745/5?
7
What is the hundreds digit of (-104)/(-91)*(-20307)/12*2*-1?
8
Suppose 5*p = -4*q + 30, -3*p + p = 4*q. Suppose 0 = -d - 4*d + p. Suppose 2*z - 167 = -d*m + 13, 5*m - 5*z = 430. What is the units digit of m?
8
What is the units digit of 42/4*564/329*2812/6?
6
Let i(g) = 9*g**2 + 916*g - 103. What is the thousands digit of i(-113)?
1
Let b(j) = j**3 + 51*j**2 - 25*j - 1326. What is the thousands digit of b(-37)?
8
Let n(c) be the second derivative of 11*c**3/3 + 3*c**2 + 37*c. Let u be n(6). Let a = 332 - u. What is the units digit of a?
4
Let p(x) = -x + 46. Let g be p(33). Let c(k) be the first derivative of 2*k**3/3 - 8*k**2 - 4*k + 1. What is the hundreds digit of c(g)?
1
Let h be (-2)/(20/(-8) + 2). Suppose h*k + 3770 = 17*k. What is the hundreds digit of k?
2
Suppose -74*f - 33*f = 20*f - 925449. What is the tens digit of f?
8
Let p = -2489 + 1744. Let v = 1252 + p. What is the hundreds digit of v?
5
Let t = 38 - 62. Let r(v) = -v**3 - 24*v**2 - 10*v - 4. Let m be r(t). Suppose -m - 540 = -8*k. What is the tens digit of k?
9
Suppose 7*t + i - 519 = 5*t, 0 = t - 4*i - 282. Suppose -10 = 2*s, 4*s = -4*q + 2*s + t. What is the tens digit of q?
6
Suppose 0 = -25*r + 1 + 99. Let k be (-1)/((-3)/(81/(-3))*-3). Suppose r = -k*n + 247. What is the units digit of n?
1
Let m(o) = 30*o**3 - 18*o**2 - 10*o - 25. What is the hundreds digit of m(7)?
3
Suppose -4*m = m - 1570. Suppose 11*s - 13*s + m = 0. What is the units digit of (4/6 - 0) + s/3?
3
Let m(p) = 113*p**2 + 10*p - 88. What is the thousands digit of m(10)?
1
Suppose -450181 = v - 53*v + 2812767. What is th